{"id":5299,"date":"2024-04-29T13:55:25","date_gmt":"2024-04-29T11:55:25","guid":{"rendered":"https:\/\/www.seneo.org\/?page_id=5299"},"modified":"2024-05-17T17:41:08","modified_gmt":"2024-05-17T15:41:08","slug":"que-es-el-autoconsumo","status":"publish","type":"page","link":"https:\/\/www.seneo.org\/es\/que-es-el-autoconsumo\/","title":{"rendered":"\u00bfQu\u00e9 es el autoconsumo?"},"content":{"rendered":"\t\t<div data-elementor-type=\"wp-page\" data-elementor-id=\"5299\" class=\"elementor elementor-5299 elementor-4503\">\n\t\t\t\t<div class=\"elementor-element elementor-element-12dc4e1 e-flex e-con-boxed e-con e-parent\" data-id=\"12dc4e1\" data-element_type=\"container\" data-e-type=\"container\">\n\t\t\t\t\t<div class=\"e-con-inner\">\n\t\t\t\t<div class=\"elementor-element elementor-element-319fe38 elementor-widget elementor-widget-modina_section_title\" data-id=\"319fe38\" data-element_type=\"widget\" data-e-type=\"widget\" data-widget_type=\"modina_section_title.default\">\n\t\t\t\t<div class=\"elementor-widget-container\">\n\t\t\t\t\t\r\n        <div class=\"block-contents text-center\">\r\n        <div class=\"section-title\">\r\n            <h5 class=\"text-center\">autoconsum<\/h5>\r\n            <span>Produeix la teua energia<\/span>\r\n            <h2>Qu\u00e9 es <span>el autoconsumo<\/span> <br>\nde energ\u00eda solar fotovoltaica<\/h2>\r\n        <\/div>\r\n            <\/div>\r\n    \r\n    \t\t\t\t<\/div>\n\t\t\t\t<\/div>\n\t\t\t\t\t<\/div>\n\t\t\t\t<\/div>\n\t\t<div class=\"elementor-element elementor-element-0895c05 e-flex e-con-boxed e-con e-parent\" data-id=\"0895c05\" data-element_type=\"container\" data-e-type=\"container\" data-settings=\"{&quot;background_background&quot;:&quot;classic&quot;}\">\n\t\t\t\t\t<div class=\"e-con-inner\">\n\t\t\t\t<div class=\"elementor-element elementor-element-29ec14d elementor-widget elementor-widget-text-editor\" data-id=\"29ec14d\" data-element_type=\"widget\" data-e-type=\"widget\" data-widget_type=\"text-editor.default\">\n\t\t\t\t<div class=\"elementor-widget-container\">\n\t\t\t\t\t\t\t\t\t<p>El autoconsumo solar es la capacidad que tenemos de <strong>producir nosotros mismos la energ\u00eda que necesitamos<\/strong>, ya sea para nuestra vivienda o bien para nuestro negocio, mediante <strong>paneles solares fotovoltaicos<\/strong> que generan energ\u00eda durante las horas en que exista radiaci\u00f3n solar y de este modo no tenemos que consumirla de la red o bien reducir la demanda sobre \u00e9sta.<\/p>\t\t\t\t\t\t\t\t<\/div>\n\t\t\t\t<\/div>\n\t\t\t\t\t<\/div>\n\t\t\t\t<\/div>\n\t\t<div class=\"elementor-element elementor-element-c361409 e-flex e-con-boxed e-con e-parent\" data-id=\"c361409\" data-element_type=\"container\" data-e-type=\"container\">\n\t\t\t\t\t<div class=\"e-con-inner\">\n\t\t\t\t<div class=\"elementor-element elementor-element-b7c4f1a elementor-widget elementor-widget-heading\" data-id=\"b7c4f1a\" data-element_type=\"widget\" data-e-type=\"widget\" data-widget_type=\"heading.default\">\n\t\t\t\t<div class=\"elementor-widget-container\">\n\t\t\t\t\t<h2 class=\"elementor-heading-title elementor-size-default\">Dos modalidades<\/h2>\t\t\t\t<\/div>\n\t\t\t\t<\/div>\n\t\t\t\t<div class=\"elementor-element elementor-element-c6007e7 elementor-widget elementor-widget-text-editor\" data-id=\"c6007e7\" data-element_type=\"widget\" data-e-type=\"widget\" data-widget_type=\"text-editor.default\">\n\t\t\t\t<div class=\"elementor-widget-container\">\n\t\t\t\t\t\t\t\t\t<p>Existen dos modalidades de autoconsumo, \u00e9stas son el autoconsumo con excedentes y sin excedentes. En la primera generamos energ\u00eda, consumimos la que necesitamos y la restante que no necesitamos la vertimos a la red el\u00e9ctrica, compensando los kilovatios producidos en nuestra factura. En la segunda no hay transferencia de la energ\u00eda sobrante a la red el\u00e9ctrica y \u00fanicamente aprovechamos la que se puede generar instant\u00e1neamente y que estamos consumiendo.<\/p>\t\t\t\t\t\t\t\t<\/div>\n\t\t\t\t<\/div>\n\t\t\t\t\t<\/div>\n\t\t\t\t<\/div>\n\t\t<div class=\"elementor-element elementor-element-46fd9aa e-flex e-con-boxed e-con e-parent\" data-id=\"46fd9aa\" data-element_type=\"container\" data-e-type=\"container\">\n\t\t\t\t\t<div class=\"e-con-inner\">\n\t\t\t\t<div class=\"elementor-element elementor-element-5ed75e8 elementor-widget elementor-widget-heading\" data-id=\"5ed75e8\" data-element_type=\"widget\" data-e-type=\"widget\" data-widget_type=\"heading.default\">\n\t\t\t\t<div class=\"elementor-widget-container\">\n\t\t\t\t\t<h2 class=\"elementor-heading-title elementor-size-default\">Individual o colectivo<\/h2>\t\t\t\t<\/div>\n\t\t\t\t<\/div>\n\t\t\t\t<div class=\"elementor-element elementor-element-34bae65 elementor-widget elementor-widget-text-editor\" data-id=\"34bae65\" data-element_type=\"widget\" data-e-type=\"widget\" data-widget_type=\"text-editor.default\">\n\t\t\t\t<div class=\"elementor-widget-container\">\n\t\t\t\t\t\t\t\t\t<p>Tambi\u00e9n se puede plantear un autoconsumo de forma individual o colectivamente. El supuesto individual es el m\u00e1s habitual pero empieza a haber cierta demanda de instalaciones compartidas, que se da principalmente en comunidades de vecinos. Si \u00e9stos as\u00ed lo dedicen pueden instalar un conjunto de paneles en su azotea y distribuir la energ\u00eda entre todos ellos. Lo mismo para un conjunto de empresas pr\u00f3ximas.<\/p>\t\t\t\t\t\t\t\t<\/div>\n\t\t\t\t<\/div>\n\t\t\t\t\t<\/div>\n\t\t\t\t<\/div>\n\t\t\t\t<\/div>\n\t\t","protected":false},"excerpt":{"rendered":"<p>autoconsum Produeix la teua energia Qu\u00e9 es el autoconsumo de energ\u00eda solar fotovoltaica El autoconsumo solar es la capacidad que tenemos de producir nosotros mismos la energ\u00eda que necesitamos, ya sea para nuestra vivienda o bien para nuestro negocio, mediante paneles solares fotovoltaicos que generan energ\u00eda durante las horas en que exista radiaci\u00f3n solar y [&hellip;]<\/p>\n","protected":false},"author":1,"featured_media":0,"parent":0,"menu_order":0,"comment_status":"closed","ping_status":"closed","template":"elementor_header_footer","meta":{"_acf_changed":false,"footnotes":""},"class_list":["post-5299","page","type-page","status-publish","hentry"],"acf":[],"_links":{"self":[{"href":"https:\/\/www.seneo.org\/es\/wp-json\/wp\/v2\/pages\/5299","targetHints":{"allow":["GET"]}}],"collection":[{"href":"https:\/\/www.seneo.org\/es\/wp-json\/wp\/v2\/pages"}],"about":[{"href":"https:\/\/www.seneo.org\/es\/wp-json\/wp\/v2\/types\/page"}],"author":[{"embeddable":true,"href":"https:\/\/www.seneo.org\/es\/wp-json\/wp\/v2\/users\/1"}],"replies":[{"embeddable":true,"href":"https:\/\/www.seneo.org\/es\/wp-json\/wp\/v2\/comments?post=5299"}],"version-history":[{"count":4,"href":"https:\/\/www.seneo.org\/es\/wp-json\/wp\/v2\/pages\/5299\/revisions"}],"predecessor-version":[{"id":5303,"href":"https:\/\/www.seneo.org\/es\/wp-json\/wp\/v2\/pages\/5299\/revisions\/5303"}],"wp:attachment":[{"href":"https:\/\/www.seneo.org\/es\/wp-json\/wp\/v2\/media?parent=5299"}],"curies":[{"name":"wp","href":"https:\/\/api.w.org\/{rel}","templated":true}]}}

¿Qué es el autoconsumo?

<div data-elementor-type="wp-page" data-elementor-id="5299" class="elementor elementor-5299 elementor-4503">
				<div class="elementor-element elementor-element-12dc4e1 e-flex e-con-boxed e-con e-parent" data-id="12dc4e1" data-element_type="container" data-e-type="container">
					<div class="e-con-inner">
				<div class="elementor-element elementor-element-319fe38 elementor-widget elementor-widget-modina_section_title" data-id="319fe38" data-element_type="widget" data-e-type="widget" data-widget_type="modina_section_title.default">
				<div class="elementor-widget-container">
					
        <div class="block-contents text-center">
        <div class="section-title">
            <h5 class="text-center">autoconsum</h5>
            <span>Produeix la teua energia</span>
            <h2>Qué es <span>el autoconsumo</span> <br>
de energía solar fotovoltaica</h2>
        </div>
            </div>
    
    				</div>
				</div>
					</div>
				</div>
		<div class="elementor-element elementor-element-0895c05 e-flex e-con-boxed e-con e-parent" data-id="0895c05" data-element_type="container" data-e-type="container" data-settings="{&quot;background_background&quot;:&quot;classic&quot;}">
					<div class="e-con-inner">
				<div class="elementor-element elementor-element-29ec14d elementor-widget elementor-widget-text-editor" data-id="29ec14d" data-element_type="widget" data-e-type="widget" data-widget_type="text-editor.default">
				<div class="elementor-widget-container">
									<p>El autoconsumo solar es la capacidad que tenemos de <strong>producir nosotros mismos la energía que necesitamos</strong>, ya sea para nuestra vivienda o bien para nuestro negocio, mediante <strong>paneles solares fotovoltaicos</strong> que generan energía durante las horas en que exista radiación solar y de este modo no tenemos que consumirla de la red o bien reducir la demanda sobre ésta.</p>								</div>
				</div>
					</div>
				</div>
		<div class="elementor-element elementor-element-c361409 e-flex e-con-boxed e-con e-parent" data-id="c361409" data-element_type="container" data-e-type="container">
					<div class="e-con-inner">
				<div class="elementor-element elementor-element-b7c4f1a elementor-widget elementor-widget-heading" data-id="b7c4f1a" data-element_type="widget" data-e-type="widget" data-widget_type="heading.default">
				<div class="elementor-widget-container">
					<h2 class="elementor-heading-title elementor-size-default">Dos modalidades</h2>				</div>
				</div>
				<div class="elementor-element elementor-element-c6007e7 elementor-widget elementor-widget-text-editor" data-id="c6007e7" data-element_type="widget" data-e-type="widget" data-widget_type="text-editor.default">
				<div class="elementor-widget-container">
									<p>Existen dos modalidades de autoconsumo, éstas son el autoconsumo con excedentes y sin excedentes. En la primera generamos energía, consumimos la que necesitamos y la restante que no necesitamos la vertimos a la red eléctrica, compensando los kilovatios producidos en nuestra factura. En la segunda no hay transferencia de la energía sobrante a la red eléctrica y únicamente aprovechamos la que se puede generar instantáneamente y que estamos consumiendo.</p>								</div>
				</div>
					</div>
				</div>
		<div class="elementor-element elementor-element-46fd9aa e-flex e-con-boxed e-con e-parent" data-id="46fd9aa" data-element_type="container" data-e-type="container">
					<div class="e-con-inner">
				<div class="elementor-element elementor-element-5ed75e8 elementor-widget elementor-widget-heading" data-id="5ed75e8" data-element_type="widget" data-e-type="widget" data-widget_type="heading.default">
				<div class="elementor-widget-container">
					<h2 class="elementor-heading-title elementor-size-default">Individual o colectivo</h2>				</div>
				</div>
				<div class="elementor-element elementor-element-34bae65 elementor-widget elementor-widget-text-editor" data-id="34bae65" data-element_type="widget" data-e-type="widget" data-widget_type="text-editor.default">
				<div class="elementor-widget-container">
									<p>También se puede plantear un autoconsumo de forma individual o colectivamente. El supuesto individual es el más habitual pero empieza a haber cierta demanda de instalaciones compartidas, que se da principalmente en comunidades de vecinos. Si éstos así lo dedicen pueden instalar un conjunto de paneles en su azotea y distribuir la energía entre todos ellos. Lo mismo para un conjunto de empresas próximas.</p>								</div>
				</div>
					</div>
				</div>
				</div>

<p>autoconsum Produeix la teua energia Qué es el autoconsumo de energía solar fotovoltaica El autoconsumo solar es la capacidad que tenemos de producir nosotros mismos la energía que necesitamos, ya sea para nuestra vivienda o bien para nuestro negocio, mediante paneles solares fotovoltaicos que generan energía durante las horas en que exista radiación solar y [&hellip;]</p>
